hen -6 - ((-166)/249)/(17677/8838 - 2) is divided by 43?
38
Suppose 0 = -4*h - 4*h + 732 + 428. Calculate the remainder when h is divided by 33.
13
Let u(h) = h**3 + 35*h**2 - 4*h + 87. Calculate the remainder when u(-35) is divided by 39.
32
Let a(n) = -3*n**2 + 4*n + 22. Let h be a(-5). Let s = h - -90. Calculate the remainder when (-6)/(-15) - (-323)/5 is divided by s.
14
Let f = 11993 + -11932. What is the remainder when 8843 is divided by f?
59
Let v(y) = 55*y**2 - 147*y + 2030. What is the remainder when v(13) is divided by 21?
6
Let u = 44 + -41. Suppose -2*p = -3*r - u*p + 2, -2*r = -p + 2. Let j(d) = -d**2 - 2*d + 61. Calculate the remainder when j(r) is divided by 22.
17
Let u(o) be the first derivative of 7*o**3/3 + 9*o**2 + 54*o + 111. Calculate the remainder when u(-4) is divided by 14.
10
Let l = -341 + 344. Suppose 4*n - 31 = 3*q + 44, 3 = -l*q. What is the remainder when 122 is divided by n?
14
Suppose 292 = 32*o - 24*o - 12. Calculate the remainder when 791 is divided by o.
31
Suppose 3*c - 86 - 85 = 5*z, -129 = -3*c - 2*z. Suppose 0 = -3*w - 2*w + 460. Calculate the remainder when w is divided by c.
45
Let s(a) = -121*a**2 + 2*a + 10 + 56*a**2 + 64*a**2. What is the remainder when (-1)/2 - (-149)/2 is divided by s(3)?
4
Let c(d) = 415*d**3 - d**2 + d - 1. What is the remainder when c(1) is divided by 41 - (1 + (-84)/7)?
50
Let t(b) = b - 8. Let p be t(14). Let a = p + -4. Let y = 16 + a. What is the remainder when 53 is divided by y?
17
Let j(o) be the first derivative of -o**2/2 + 18*o + 11. Let z(t) = -3*t + 28. Calculate the remainder when j(7) is divided by z(8).
3
Let y(h) = 2*h**3 - 6*h**2 + h. Let c be y(3). Suppose 0 = 5*i - 4*n - 1139, c*i + 916 = 7*i - 2*n. Calculate the remainder when i is divided by 29.
28
Suppose 5*x + 14*c - 19*c = 2260, -3*x + c = -1374. What is the remainder when x is divided by 33?
32
Suppose 0 = 2*a - 3*w - 123, -22*w = -4*a - 17*w + 243. What is the remainder when a is divided by (-14)/35 + 154/10?
12
Suppose 0 = -3*x - 2*x + p + 3643, -3*x + 2157 = 3*p. What is the remainder when x is divided by 66?
1
Suppose 0 = 4*p + 5*n + 1757, -9*p + 4*n = -7*p + 898. Let s = 481 + p. What is the remainder when 71 is divided by s?
33
Let o = -1505 + 1682. Calculate the remainder when o is divided by ((-72)/(-16))/((-1)/(-16)*2).
33
Let w = 33026 + -28906. Calculate the remainder when w is divided by 32.
24
Let r(n) = 9*n + 58. Let c = -450 - -445. What is the remainder when 64 is divided by r(c)?
12
Let r be 3/3*(-1*1 - -4). Let p = 18 + r. Let s(y) = 10*y**2 + 2*y - 5. Calculate the remainder when s(2) is divided by p.
18
Let u(j) = j**3 - 29*j**2 + 7*j - 19. Suppose -3 = -7*r + 200. What is the remainder when u(r) is divided by 50?
34
Let f be 90/(-54)*(-6)/5. Let c(l) = 2*l**3 - 4*l**2 + 1 + 2*l**3 + 4*l - 4 + 3*l**3. What is the remainder when c(f) is divided by 23?
22
Suppose 7*b - 2*b - 580 = 0. Let o(z) = 87*z**2 + 12*z - 26. Calculate the remainder when o(2) is divided by b.
114
Suppose -2*f - 3*n = -6934, 163*n = -4*f + 160*n + 13886. What is the remainder when f is divided by 19?
18
Let h = 48 + -10. Let t be -4 - (-2 + 2) - 33. Let o = t - -186. Calculate the remainder when o is divided by h.
35
Let r = -4919 + 5131. Calculate the remainder when r is divided by 7.
2
Let z(b) = -b**3 - 35*b**2 - 33*b + 144. Let d(o) = o**3 - 7*o**2 - 5*o - 10. Calculate the remainder when z(-34) is divided by d(8).
12
Suppose -7*l - 171 = 1215. Let g = -166 - l. Calculate the remainder when g is divided by (0 + 11)/(1/1).
10
Let o(k) = -k**3 - 20*k**2 + 18*k - 26. Suppose j - 1 = -i + 6, 5*j - 4*i - 26 = 0. Calculate the remainder when o(-21) is divided by j.
1
Suppose -2*f - 5 = -21. Let y = -681 + 734. What is the remainder when y is divided by f?
5
Let b = -220 + 222. Suppose -r + 93 = b*r. Suppose 0 = -x + 4*x - 33. What is the remainder when r is divided by x?
9
Let i be 3456/15 - 21/(-35). Let t = -218 + i. Calculate the remainder when 61 is divided by t.
9
Suppose 69*f - 12592 = -7157 + 14023. What is the remainder when f is divided by 91?
9
Suppose -5*j - 5*h + 70 = 0, 9 = 4*h + 5. Suppose -3*l + 9 = 2*z - 27, z = -l + j. Calculate the remainder when 299 is divided by l.
9
Suppose 139*z + 28 = 146*z. Suppose -5*d + 56 = -z. Calculate the remainder when 80 is divided by d.
8
Suppose -3*u = 4*g - 24 - 105, 4*g - 149 = u. What is the remainder when 36 is divided by g?
0
Let h(p) = -p**3 + 41*p**2 - 356*p - 187. Calculate the remainder when 1217 is divided by h(28).
33
Let x(l) = -6*l + l**3 + 4*l - 3*l - 6*l**2 + 8 + 0*l**3. Let h be x(6). What is the remainder when 47 is divided by 8/(-5)*165/h?
11
Let g(d) = -9*d + 67. Let y be g(-18). Suppose 0*l - 3*v + y = 4*l, -4*l - 2*v = -230. Calculate the remainder when 164 is divided by l.
48
Let j = -34721 - -43380. What is the remainder when j is divided by 61?
58
Let t be 298*-1*2*(-4)/(-8). Let y = t + 314. What is the remainder when 878 is divided by y?
14
Let l(k) = -k**3 + 119*k + 6. Let f be l(11). Suppose 0 = 4*g - 140 - 44. What is the remainder when g is divided by 1/2*-14*(14 + f)?
4
Let s = -2 + 10. Let j = -50 + 50. Suppose 211 + 82 = 5*n + 4*r, -2*n - 2*r + 116 = j. Calculate the remainder when n is divided by s.
5
Suppose 0 = 18*s - 5664 + 987 - 5835. Calculate the remainder when s is divided by 581.
3
What is the remainder when 1039 is divided by (126/(-714))/((-33)/374)?
1
Let r(a) be the first derivative of -4*a**2 - 49*a + 35. Calculate the remainder when 11/(2*(-3)/(-24)) is divided by r(-9).
21
Let f = 9391 + -7422. What is the remainder when f is divided by 76?
69
Let w(b) be the second derivative of b**4/6 - 4*b**3/3 - 6*b**2 - 40*b. Let n be w(5). What is the remainder when -1 - (n + -1) - (2 - 23) is divided by 4?
3
Let v(w) = -2*w**2 - 31*w - 12. Let h(o) = o**3 + o**2 + o + 27. What is the remainder when v(-13) is divided by h(0)?
26
Let q(o) = 3*o + 4. Let b be q(5). Let w = 28 - b. What is the remainder when ((0 - -103) + (-69)/(-16 - 7))/1 is divided by w?
7
Let l(v) = -17*v - 255. Let n be l(-15). Suppose n = -2*u - 2*i + 16, 3*i + 13 = 1. What is the remainder when 31 is divided by u?
7
Let p be 2/((-4)/(-6)) + 6. Suppose 23*b + 209 = 34*b. What is the remainder when b is divided by p - (-1 - (-3 + 0))?
5
Let o(d) = -95*d + 37. Let p be o(-4). Let q = -348 + p. Let i(u) = u + 10. Calculate the remainder when q is divided by i(0).
9
Let t = -2074 + 2088. Suppose 2*u + 2*y = -5 + 3, -4*y = 16. What is the remainder when (-4)/6 + 164/u is divided by t?
12
Suppose 13*b + 789 - 3844 = 0. Calculate the remainder when b is divided by 35.
25
What is the remainder when 280 is divided by (-36)/(-15)*(-25)/(-15)?
0
Let j(l) = -293*l - 6909. What is the remainder when j(-36) is divided by 13?
12
Let o = -30 + 47. Let s = -1448 + 837. Let j = 659 + s. What is the remainder when j is divided by o?
14
Let s = -301 - -305. Suppose s*u - 312 = -3*f - u, -5*u = 5*f - 520. Calculate the remainder when f is divided by 30.
14
Suppose -5*t + 4*x - 8*x = -19, -t + 1 = -2*x. Suppose -92*w - 6954 = 169*w - 28356. What is the remainder when w is divided by t?
1
Let r(k) = 2*k**3 - 11*k**2 - 5*k + 75. What is the remainder when r(8) is divided by 146?
63
Let q(a) = -a**3 - 24*a**2 + 24*a - 6. Let b be (6 + -16)/(6/(-93)). Let d = b + -101. What is the remainder when d is divided by q(-25)?
16
Let o = 2004 + -1124. What is the remainder when o is divided by 293?
1
Suppose 31*t - 281 - 525 = 0. What is the remainder when 4012 is divided by t?
8
Suppose 6*c - 2*c = -c + 180. What is the remainder when 861 is divided by c?
33
Suppose 0 = y - h - 4760, -y - h = -2351 - 2391. What is the remainder when y is divided by 44?
43
Suppose 247*f - 240*f = 4*j + 971, -2*j + 679 = 5*f. Calculate the remainder when 37946 is divided by f.
134
Let k be (-115)/(-30) + 0 + 4/24. Calculate the remainder when 128 is divided by (-782)/(-12) - (-6)/(-144)*k.
63
Let m(d) = 3*d + 18. Let q be m(-15). Let s(x) = 2*x + 107. What is the remainder when s(q) is divided by 10?
3
Let p(d) be the first derivative of 3*d**2/2 - 5*d + 25. Let f be p(4). Let n(y) = 7*y - 10. What is the remainder when 154 is divided by n(f)?
37
Let s = -19 - -127. What is the remainder when 13 is divid